sor of 24720 and 1200?
240
Calculate the greatest common factor of 12 and 1656.
12
Calculate the greatest common factor of 817 and 86.
43
Calculate the highest common divisor of 1079 and 13.
13
Calculate the greatest common factor of 2115 and 288.
9
What is the highest common factor of 78 and 162?
6
What is the greatest common divisor of 9 and 28521?
9
Calculate the highest common divisor of 154 and 220.
22
What is the highest common divisor of 14967 and 9?
9
Calculate the highest common factor of 128 and 576.
64
Calculate the greatest common divisor of 3684 and 12.
12
Calculate the highest common divisor of 280 and 5480.
40
What is the greatest common factor of 62 and 5146?
62
What is the highest common factor of 2618 and 42?
14
Calculate the greatest common factor of 221 and 3172.
13
Calculate the highest common divisor of 85 and 80.
5
Calculate the greatest common divisor of 5 and 2435.
5
Calculate the highest common divisor of 200 and 240.
40
What is the highest common divisor of 9990 and 2160?
270
Calculate the highest common factor of 48 and 570.
6
What is the highest common divisor of 20 and 1220?
20
Calculate the greatest common factor of 736 and 414.
46
Calculate the highest common divisor of 126 and 14.
14
What is the greatest common factor of 1133 and 341?
11
What is the greatest common factor of 423 and 611?
47
What is the greatest common divisor of 168 and 72?
24
Calculate the greatest common divisor of 24 and 12.
12
Calculate the highest common divisor of 105 and 195.
15
What is the highest common factor of 104 and 7969?
13
Calculate the greatest common factor of 13283 and 37.
37
What is the greatest common factor of 440 and 22?
22
What is the highest common factor of 70 and 16170?
70
What is the greatest common divisor of 102 and 306?
102
What is the greatest common factor of 238 and 102?
34
What is the greatest common factor of 2242 and 190?
38
Calculate the highest common divisor of 220 and 2060.
20
What is the highest common factor of 1326 and 52?
26
What is the greatest common factor of 279 and 217?
31
Calculate the greatest common factor of 198 and 88.
22
What is the highest common divisor of 12 and 4596?
12
Calculate the highest common factor of 13 and 65.
13
Calculate the highest common factor of 3 and 762.
3
What is the highest common divisor of 3188 and 8?
4
What is the highest common divisor of 2848 and 160?
32
What is the highest common factor of 352 and 32?
32
Calculate the greatest common divisor of 13869 and 69.
69
What is the greatest common factor of 72 and 279?
9
What is the greatest common divisor of 1419 and 16899?
129
Calculate the highest common factor of 11 and 3.
1
Calculate the highest common factor of 189 and 105.
21
What is the highest common factor of 640 and 38720?
320
What is the highest common divisor of 10 and 256?
2
What is the greatest common factor of 1368 and 156?
12
Calculate the highest common divisor of 6 and 634.
2
What is the highest common divisor of 38 and 22116?
38
Calculate the greatest common factor of 949 and 13.
13
What is the highest common divisor of 108 and 156?
12
Calculate the highest common factor of 140 and 36.
4
What is the greatest common divisor of 2 and 215?
1
Calculate the greatest common divisor of 864 and 2358.
18
Calculate the highest common divisor of 1875 and 1050.
75
What is the greatest common factor of 395 and 237?
79
Calculate the greatest common factor of 5712 and 40.
8
Calculate the highest common factor of 913 and 22.
11
Calculate the greatest common factor of 152 and 19.
19
Calculate the greatest common divisor of 10 and 3.
1
What is the greatest common divisor of 51 and 4607?
17
Calculate the highest common divisor of 7995 and 39.
39
What is the highest common factor of 171 and 10089?
171
What is the greatest common factor of 14 and 18?
2
Calculate the greatest common divisor of 64 and 48.
16
What is the highest common factor of 30450 and 100?
50
Calculate the highest common factor of 783 and 58.
29
What is the greatest common factor of 532 and 57?
19
What is the highest common divisor of 19 and 1767?
19
What is the highest common divisor of 9 and 57?
3
What is the greatest common factor of 53 and 1961?
53
What is the greatest common divisor of 780 and 240?
60
Calculate the highest common divisor of 35 and 98.
7
Calculate the highest common divisor of 966 and 14.
14
Calculate the highest common divisor of 16 and 2192.
16
Calculate the greatest common divisor of 968 and 1573.
121
What is the highest common divisor of 172 and 2279?
43
What is the greatest common divisor of 240 and 165?
15
What is the highest common factor of 58 and 725?
29
What is the highest common factor of 354 and 3009?
177
What is the greatest common divisor of 232 and 16?
8
What is the greatest common divisor of 11 and 11?
11
Calculate the greatest common factor of 72 and 36.
36
Calculate the highest common divisor of 22 and 187.
11
Calculate the highest common divisor of 972 and 4.
4
Calculate the greatest common divisor of 82 and 3649.
41
What is the highest common divisor of 300 and 36?
12
Calculate the highest common factor of 4601 and 107.
107
Calculate the highest common factor of 42 and 322.
14
What is the greatest common factor of 72 and 36?
36
What is the greatest common factor of 58 and 1102?
58
Calculate the highest common factor of 13 and 260.
13
Calculate the greatest common factor of 86 and 7267.
43
Calculate the greatest common factor of 63 and 2247.
21
Calculate the highest common factor of 1474 and 6566.
134
What is the highest common divisor of 377 and 533?
13
What is the greatest common factor of 70 and 3370?
10
Calculate the greatest common divisor of 85 and 1360.
85
What is the greatest common divisor of 5848 and 258?
86
What is the greatest common factor of 3116 and 76?
76
Calculate the greatest common divisor of 380 and 2508.
76
What is the greatest common factor of 62 and 6?
2
Calculate the highest common divisor of 35 and 2240.
35
What is the greatest common divisor of 2208 and 336?
48
What is the greatest common divisor of 4 and 2342?
2
Calculate the greatest common divisor of 16 and 2536.
8
Calculate the greatest common factor of 96 and 6.
6
What is the greatest common divisor of 725 and 29?
29
Calculate the highest common divisor of 26 and 143.
13
What is the greatest common factor of 57 and 152?
19
What is the highest common divisor of 256 and 1216?
64
Calculate the highest common divisor of 152 and 21128.
152
What is the greatest common factor of 1179 and 18?
9
Calculate the greatest common divisor of 27 and 2835.
27
Calculate the highest common factor of 42211 and 663.
221
Calculate the greatest common divisor of 3162 and 714.
102
What is the highest common factor of 1411 and 68?
17
Calculate the highest common factor of 190 and 8455.
95
Calculate the greatest common divisor of 3230 and 442.
34
Calculate the highest common factor of 3464 and 136.
8
Calculate the highest common factor of 18462 and 408.
102
What is the highest common divisor of 2005 and 35?
5
Calculate the highest common divisor of 6026 and 393.
131
Calculate the highest common factor of 987 and 231.
21
What is the greatest common factor of 126 and 558?
18
Calculate the highest common divisor of 2519 and 11.
11
What is the greatest common divisor of 24 and 96?
24
Calculate the highest common divisor of 50 and 1000.
50
Calculate the highest common divisor of 22 and 19965.
11
Calculate the highest common factor of 370 and 110.
10
What is the highest common divisor of 792 and 44?
44
Calculate the highest common divisor of 19773 and 117.
117
What is the greatest common divisor of 39 and 4043?
13
What is the highest common divisor of 28 and 280?
28
Calculate the greatest common factor of 6 and 13.
1
Calculate the greatest common divisor of 4 and 5.
1
What is the greatest common divisor of 14 and 2240?
14
What is the highest common divisor of 15 and 345?
15
Calculate the greatest common factor of 78 and 12.
6
Calculate the highest common factor of 931 and 49.
49
What is the greatest common divisor of 531 and 1003?
59
What is the greatest common factor of 90 and 210?
30
Calculate the greatest common factor of 85 and 68.
17
Calculate the greatest common factor of 112 and 170.
2
Calculate the gre